value of 76 + -172 + 1 + (9 - 23)?
-109
-18 - (19 - 4 - -3 - 26)
-10
Calculate 67 + -52 + 80 + -51.
44
What is the value of 5 + -3 - 6 - (-161 - -94)?
63
(-3 - ((-1 - -10) + -12)) + 4 + 7
11
-1 + (6 - 21) + 40 - -14 - (1 - 3)
40
Evaluate 16 - (114 + (-176 - -121)).
-43
-23 + 4 + 44 - (9 - -6)
10
Calculate (-1 - (-31 - -19) - 11) + (6 - -2) + 4.
12
What is 6 + 6 + -21 + (-36 - (-43 + 18))?
-20
Evaluate -2 - 3 - (28 - 12) - -9.
-12
What is (-40 - 37 - -37) + -13?
-53
Calculate -36 + -63 - (-160 - -158).
-97
Calculate -48 - ((15 - 91) + 148).
-120
What is the value of (-30 - (-56 + 30)) + 52?
48
-16 - 145 - (33 + -47) - (-7 - 14)
-126
-27 - (0 + -17 + 142 + -142)
-10
What is the value of (-749 - -791) + (-35 - -5 - 0) + -33 + -1?
-22
Evaluate -24 - ((-19 + 46 - 16) + 5 + -13).
-27
What is 123 + (-2 - 0) + 5 + 389 + -253 + -134?
128
3 + (34 + -18 - 29)
-10
-13 - (38 - (27 - 23))
-47
What is (-2 - 3) + -4 + -65 + 17 + 71?
14
Calculate -4 + (13 - 24) + -19 + 12.
-22
Calculate 6 - (110 + (-61 - -47 - -11)).
-101
What is the value of 20 + (14 - (22 + -17 - 11))?
40
Calculate (11 + -14 - (-1 - -4 - (-3 - 2))) + 19.
8
361 + -302 + -3 + -20
36
What is the value of 24 + (-32 - -55) + -18 - -42?
71
Evaluate -6 + 3 + 8 + 1 + -4 + -45.
-43
What is 0 + -21 + 10 + 19 - (-14 + -1)?
23
Evaluate (21 - (-17 - -10) - 14) + (-25 - -2).
-9
What is -9 + 3 + -2 + (-25 - (-20 + (19 - 19)))?
-13
-1 - 8 - -32 - (-192 - -169)
46
Calculate 87 + (39 + -52 - 43).
31
Evaluate 4 - (-14 + (-4 - (-14 - -9)) - 13).
30
112 + -62 - (-4 + 40)
14
What is the value of -66 + (-49 - (70 - 170))?
-15
What is the value of -15 - (9 + (18 - -3))?
-45
What is 15 - (135 + 5 - 2 - (35 - 78 - -52))?
-114
What is the value of 3 + (0 - 3 - (-34 - -70)) - 11?
-47
Evaluate -199 - -262 - ((8 - -6) + 6).
43
What is the value of (-25 - 0) + -820 + 838 + (0 - 2) + -27?
-36
Calculate 44 - (9 - -75) - (-1 - -8 - (4 - 4)).
-47
(8 + -17 - (36 + -15 - 19)) + 39
28
Evaluate 40 + (3 - (-9 - -34)) - (85 + 3).
-70
What is -6 - (6 + -9) - -37 - (-99 - -90)?
43
What is the value of -73 + (88 - 11) + -31 + 1?
-26
What is the value of -9 - (23 + 1 + -36 - 94)?
97
What is the value of -1 - -10 - ((-13 + -1 - -3) + 12)?
8
Calculate -3 + 29 + (-1164 - -1015).
-123
Evaluate -8 + -24 + 92 + (-8 - 17).
35
What is the value of 70 + -29 + (-4 - -51 - -2)?
90
What is the value of (14 - 17) + (16 + -16 - 39)?
-42
(11 - -54) + -7 + -3
55
What is 4 + (35 - (-22 - -44))?
17
Calculate -1 + 9 + -10 + -29 - (1 + 9) - -2.
-39
What is the value of -2 + (-11 - -38) + -7 + -106?
-88
Evaluate (-56 - -6) + 36 + -3.
-17
Calculate -56 - (-32 + (-17 - -13 - -82)).
-102
(197 - (277 + -69)) + (2 + (84 - 0) - 2)
73
Calculate -119 - ((38 - -25) + -71 - (11 + -1)).
-101
77 - ((414 - 412 - (-2 + (-2 - 3))) + -3)
71
Evaluate (-57 - 8) + -12 + 11 + -27.
-93
Evaluate (1 - 2 - -3) + (39 - (18 + 23 + 27)).
-27
What is the value of 2 - 2 - -52 - (-126 - (-250 + 141))?
69
(0 - -57) + (-196 - -230) + (-15 - 32)
44
-292 + 291 - (1 + -5 - (-9 + 13))
7
Evaluate (3 - -40) + 1 + -1 - (-78542 - -78529).
56
What is the value of 148 + -76 + -5 - -1?
68
(-91 - 0 - -30) + (3 + -2 - -8)
-52
Evaluate 14 + (-17 - -18) - (7 + 7 + -11) - -39.
51
What is -1 + -10 + (96 - (-2 + 33))?
54
What is -2 - 42 - -33 - (5 - 1 - 2)?
-13
Calculate -420 - -425 - (-2 + -17).
24
What is 27 - ((7 - (-6 + 16 + 9) - -4) + 10)?
25
19 + -19 - 3 - (-1 + -12 - (-23 - -17))
4
Evaluate -13 + (-22 - 31) - (-2 - 2 - 7).
-55
Calculate 6 - 12 - 11 - (-318 + 311).
-10
What is 23 + (-23 + 33 - 43 - -152)?
142
Calculate -5 + 6 - (25 + -7 + -2 - 15).
0
Calculate 8 + -13 + 3 + -4 + 17 + 27.
38
Evaluate 3 + (-48 + -19 + 14 - (-11 + -1 - -3)).
-41
Evaluate 11 - ((64 - (-2 - 4)) + -6 - 9).
-44
Evaluate 14 - (-475 + 495 - (0 - -17)).
11
What is the value of -29 + (21 - (8 + (16 - -3)))?
-35
5 - (98 - -5) - (-2 - 19)
-77
What is 41 + -23 + -72 + -42?
-96
What is -16 + (-23 - (-21 - (-17 - -2)))?
-33
Calculate -147 + (36 + (-69 - -32) - (-29 - -7)).
-126
What is the value of (226 - 125 - 77) + (20 - -1)?
45
-16 - (80 + -81 - 51)
36
5 + (6 - (23 - 9)) + 33
30
What is -7 + -4 - (37 + 5 + -14 + 5)?
-44
Calculate -18 - -35 - (82 + (-15 - 20)).
-30
What is the value of -4 + 0 + 2 + 11 - (-6 + -19)?
34
-85 - (-42 + (45 - (48 - 23)))
-63
What is the value of -30 + -22 + 19 + -7 + -17?
-57
Calculate -47 - (4 + (4 - 2) - 1).
-52
What is the value of 0 + (-15 - -1 - (-6 + (-22 - -17)))?
-3
Evaluate 74 - ((9 - (4 + -2 + 6)) + -4 + 6).
71
What is the value of (318 - 297) + (-12 - -4)?
13
What is 81 + -65 + (37 - -12)?
65
Evaluate -38 - ((-193 - 3) + 24 + 28).
106
What is the value of (-5 - (64 - 85) - 35) + -1 + -131?
-151
What is -352 + (-5 - -392) - (-56 - 0)?
91
Calculate -5 - (-9 + -3) - (99 - 88).
-4
What is -27 + -67 + 186 - (-2 + 6 - 3)?
91
What is (-274 + -26 - -102) + 94?
-104
What is -2 + -1 + (-51 - -18) + (-6 - 0)?
-42
What is (92 - 8) + (-8 - -41)?
117
Evaluate (337 - 378) + (5 + -3 - -152).
113
What is the value of (-10 - (-11 + 4 - -9)) + -9?
-21
-4 + 10 + 2 - (-378 - -394) - 64
-72
What is the value of -4 + -9 + -1 + 7 + (-9 - -2 - -86)?
72
-75 + (-18 - -29) + 34
-30
Calculate -11 + (-9 + -8 - (-23 + 6)) - -76.
65
What is the value of 33 + 1 + -4 - (-525 + 571)?
-16
Calculate -37 + (-9 + (24 - -9) - 7).
-20
Calculate 10 - (9 - (-38 - 4)).
-41
What is -470 - (110 - 483) - (1 - 2 - (9 - 1))?
-88
What is the value of (-3 - 11) + (0 + 4 - -9) + 9?
8
Evaluate 14 - (-42 + (-30 - -7 - -38)).
41
Calculate -15 - (12 + 38 + -4 + -12).
-49
What is (244 - 271) + -4 + -1 + 31?
-1
What is the value of (-23 - (-17 - 1 - -5)) + 8 + 68 + 12?
78
Evaluate (-1 - -12) + -2184 + 2168 + 15 + -1.
9
(-18 + -13 + 20 - -7) + -8 - 32
-44
3726 + -3739 - (1 - 18)
4
Calculate -726 - -687 - (-97 - 1) - -35.
94
(-9 - 12) + 0 + 16 + -11
-16
What is -12 + -11 + 13 - -24 - -4?
18
What is the value of -770 - -850 - (148 - -6)?
-74
What is the value of -2 + 24 + (8 - -48) + -46?
32
Calculate (1 - (16 + -1)) + 6 + -10 + 11 + -6.
-13
Evaluate -44 + (29 - -18) - (-1 - 42).
46
What is the value of -45 + 0 - (-1 + 2 + (10 - 13) + -1)?
-42
What is the value of -1393 - -1570 - (90 - -2)?
85
Calculate (477 - 491) + -1 + (-1 - 1 - -64).
47
Calculate (-415 - -501) + -9 + 10 + 0.
87
What is 782 + -872 + (4 - -12)?
-74
Calculate (-2 - -1) + -42 + (196 - (193 - 1)).
-39
Evaluate 16 + (-89 - (37 + -23 + -7)).
-80
-1 - (95 + -41 + 1 + 4) - -3 - -9
-48
Calculate -27033 + 27095 - (85 + 0).
-23
Evaluate -45 - ((-5 + 5 - 11) + (-30 - -32)).
-36
What is 1 + 61 - (-596 - -619)?
39
What is the value of 11 + -4 + (-34 + 7 + -18 - 8) - -1?
-45
What is the value of -6 - (5 + (6 - -97 - 37 - (1 - -2)))?
-74
What is the value of -7 + (-6 - (58 + -13)) + -7 + (-7 - -14)?
-58
Calculate -2 - (6 + (-13 + -2 + 7 - 7)).
7
Calculate (13 - -57) + -23 - (-3 - -1 - (-13 - -10)).
46
Evaluate -45 - (11 + -1 + -36).
-19
What is the value of -89 - (-17 - 80) - -8?
16
322 + -320 + (1 + -25 - -3)
-19
Evaluate (0 - 25) + -118 + 17 + 27.
-99
Evaluate -87 + 115 - (-14 - -3).
39
Calculate 23 + 0 + -58 + (-107 - -120).
-22
Calculate 16 + 0 - 5 - (-15 - (1 - 6)).
21
-6 - ((13 - -1) + 10 - -1)
-31
What is -7 - ((50 - 155) + 21 + (12 - -1)) - -9?
73
Calculate 2 + (-3 + 9 - (-9 - (3 + (-3 - 8)))).
9
What is (545 - 589) + -9 + 5?
-48
Calculate 10 + -5 + -4 - -9 - (23 - (0 + -1)).
-14
What is 13 + -5 - (-1 + 1 - 19)?
27
Calculate 40 - (-90 + 50 - -75) - 1.
4
147 - 74 - 81 - -30
22
What is -81 + 46 + -92 + 125?
-2
(-6 - -18) + -19 - (-12 - -9) - (-62 - -1)
57
What is the value of (6 - 5) + 9 + (11 - (6 + 95 + -2))?
-78
What is the value of (57 - 40) + (61 - -12) + -17?
73
Calculate 45 - (106 - (92 - -2)).
33
Calculate 20 + 1 + 9 + -31 + 15 - 27 - -126.
113
What is 25 + (0 - -16) - (-6 + 12 + 3 + 2)?
30
Calculate -45 - (-3 - -3) - (-1779 - -1787).
-53
Evaluate 109 + (-15 + -121 + 110 + (1 - -39) - -2).
125
What is the value of 15 + -7 + (-3 + -3 - -10) + -39?
-27
What is 29 + (18 - 9 - (-59 - 0))?
97
What is the value of 3601 + -3596 + -1 + 1 + 2?
7
What is (-94 - (-65 - 61)) + -81?
-49
What is 0 - -25 - (0 + -5 - (6 - 13 - -9))?
32
Calculate 9 + -8 - ((38 - (22 + 5)) + (-45 - -1)).
34
What is the value of 13 + (-6 - -1) + -35 + 36 + -1 + 60?
68
Calculate 32 + -73 - -35 - 87.
-93
Evaluate -1